{"id":104,"date":"2015-02-25T00:27:36","date_gmt":"2015-02-25T00:27:36","guid":{"rendered":"http:\/\/eisele-getriebe.com\/wordpress\/?page_id=104"},"modified":"2024-06-06T21:59:33","modified_gmt":"2024-06-06T20:59:33","slug":"unternehmen","status":"publish","type":"page","link":"https:\/\/eisele-getriebe.de\/home\/unternehmen\/","title":{"rendered":"Unternehmen"},"content":{"rendered":"<p>Wir sind ein bodenst\u00e4ndiges Familienunternehmen mit Sitz in Albstadt und haben uns auf die Konstruktion und Fertigung komplexer Getriebel\u00f6sungen spezialisiert. Gegr\u00fcndet wurde die Firma Reinhold Eisele im Jahre 1951 vom Gro\u00dfvater der heutigen Gesch\u00e4ftsf\u00fchrer Reinhard G\u00f6z und Susanne Bitzer.<\/p>\n<p>Seit 1980 entwickeln, produzieren und vertreiben wir Planetengetriebe und kundenspezifische Sondergetriebe. Die gesamte Wertsch\u00f6pfungs- und Verantwortungskette von der Entwicklung \u00fcber die Fertigung bis zur Montage wird dabei im eigenen Haus durchlaufen. Als Ergebnis dieser Strategie unterbreiten wir Ihnen eine komplette Palette an spielarmen Planetengetrieben.<\/p>\n<p>Unsere Aufgabe sehen wir aber nicht nur in der Fertigung, sondern auch in der engen Zusammenarbeit mit unseren Kunden sowie in der st\u00e4ndigen Weiterentwicklung unserer Produkte. Der Erfolg unserer Arbeit ist immer das Resultat eines gemeinsamen Prozesses. Je fr\u00fcher Sie uns in Ihren Konstruktionsprozess einbinden, desto besser.<\/p>\n<p>&nbsp;<\/p>\n<h3>Philosophie<\/h3>\n<p>Als Spezialist f\u00fcr Getriebel\u00f6sungen haben wir einen hohen Anspruch an Qualit\u00e4t und Wirtschaftlichkeit. Die Flexibilit\u00e4t aus hausinterner Konstruktion und hoher Fertigungstiefe erm\u00f6glicht uns auch bei kleinen Sonderserien preiswerte und hochwertige Getriebe zu produzieren.<\/p>\n<p>Einbauen und passt: Das verstehen wir unter praxisgerechter und gelebter Pr\u00e4zision. Um diese klassische Eisele-Pr\u00e4zision zu gew\u00e4hrleisten, setzen wir aber nicht nur auf ein t\u00e4glich gelebtes Qualit\u00e4tsmanagement-System. Engagierte und gut ausgebildete Mitarbeiter sorgen f\u00fcr einen vitalen Know-How-Transfer zwischen Konstruktion und Produktion, der zu wirtschaftlicher und gesicherter Qualit\u00e4t f\u00fchrt.<\/p>\n<p>Wir lassen unsere Kunden nicht lange warten. Bei uns sind die Wege von der Konstruktion \u00fcber den Musterbau bis zum Serienlauf extrem kurz. Die hohe Fertigungstiefe sichert uns ein besonderes Ma\u00df an Flexibilit\u00e4t durch enorm kurze Reaktionszeiten. F\u00fcr die unterschiedlichsten Antriebsl\u00f6sungen kommen wir so schnell zu produktionsreifen L\u00f6sungen.<\/p>\n","protected":false},"excerpt":{"rendered":"<p>Wir sind ein bodenst\u00e4ndiges Familienunternehmen mit Sitz in Albstadt und haben uns auf die Konstruktion und Fertigung komplexer Getriebel\u00f6sungen spezialisiert. Gegr\u00fcndet wurde die Firma Reinhold Eisele im Jahre 1951 vom Gro\u00dfvater der heutigen Gesch\u00e4ftsf\u00fchrer Reinhard G\u00f6z und Susanne Bitzer. Seit 1980 entwickeln, produzieren und vertreiben wir Planetengetriebe und kundenspezifische Sondergetriebe. Die gesamte Wertsch\u00f6pfungs- und Verantwortungskette [&hellip;]<\/p>\n","protected":false},"author":1,"featured_media":0,"parent":0,"menu_order":0,"comment_status":"open","ping_status":"open","template":"home.php","meta":{"footnotes":""},"class_list":["post-104","page","type-page","status-publish","hentry"],"yoast_head":"<!-- This site is optimized with the Yoast SEO plugin v23.8 - https:\/\/yoast.com\/wordpress\/plugins\/seo\/ -->\n<title>Eisele Antriebstechnik | Antriebstechnik-Spezialist aus Albstadt<\/title>\n<meta name=\"description\" content=\"Wir sind ein bodenst\u00e4ndiges Familienunternehmen mit Sitz in Albstadt | spezialisiert auf die die Konstruktion und Fertigung komplexer Getriebel\u00f6sungen.\" \/>\n<meta name=\"robots\" content=\"index, follow, max-snippet:-1, max-image-preview:large, max-video-preview:-1\" \/>\n<link rel=\"canonical\" href=\"https:\/\/eisele-getriebe.de\/home\/unternehmen\/\" \/>\n<meta property=\"og:locale\" content=\"de_DE\" \/>\n<meta property=\"og:type\" content=\"article\" \/>\n<meta property=\"og:title\" content=\"Eisele Antriebstechnik | Antriebstechnik-Spezialist aus Albstadt\" \/>\n<meta property=\"og:description\" content=\"Wir sind ein bodenst\u00e4ndiges Familienunternehmen mit Sitz in Albstadt | spezialisiert auf die die Konstruktion und Fertigung komplexer Getriebel\u00f6sungen.\" \/>\n<meta property=\"og:url\" content=\"https:\/\/eisele-getriebe.de\/home\/unternehmen\/\" \/>\n<meta property=\"og:site_name\" content=\"Eisele Antriebstechnik\" \/>\n<meta property=\"article:modified_time\" content=\"2024-06-06T20:59:33+00:00\" \/>\n<meta name=\"twitter:card\" content=\"summary_large_image\" \/>\n<meta name=\"twitter:label1\" content=\"Gesch\u00e4tzte Lesezeit\" \/>\n\t<meta name=\"twitter:data1\" content=\"1\u00a0Minute\" \/>\n<script type=\"application\/ld+json\" class=\"yoast-schema-graph\">{\"@context\":\"https:\/\/schema.org\",\"@graph\":[{\"@type\":\"WebPage\",\"@id\":\"https:\/\/eisele-getriebe.de\/home\/unternehmen\/\",\"url\":\"https:\/\/eisele-getriebe.de\/home\/unternehmen\/\",\"name\":\"Eisele Antriebstechnik | Antriebstechnik-Spezialist aus Albstadt\",\"isPartOf\":{\"@id\":\"https:\/\/eisele-getriebe.de\/home\/#website\"},\"datePublished\":\"2015-02-25T00:27:36+00:00\",\"dateModified\":\"2024-06-06T20:59:33+00:00\",\"description\":\"Wir sind ein bodenst\u00e4ndiges Familienunternehmen mit Sitz in Albstadt | spezialisiert auf die die Konstruktion und Fertigung komplexer Getriebel\u00f6sungen.\",\"breadcrumb\":{\"@id\":\"https:\/\/eisele-getriebe.de\/home\/unternehmen\/#breadcrumb\"},\"inLanguage\":\"de\",\"potentialAction\":[{\"@type\":\"ReadAction\",\"target\":[\"https:\/\/eisele-getriebe.de\/home\/unternehmen\/\"]}]},{\"@type\":\"BreadcrumbList\",\"@id\":\"https:\/\/eisele-getriebe.de\/home\/unternehmen\/#breadcrumb\",\"itemListElement\":[{\"@type\":\"ListItem\",\"position\":1,\"name\":\"Startseite\",\"item\":\"https:\/\/eisele-getriebe.de\/home\/startseite\/\"},{\"@type\":\"ListItem\",\"position\":2,\"name\":\"Unternehmen\"}]},{\"@type\":\"WebSite\",\"@id\":\"https:\/\/eisele-getriebe.de\/home\/#website\",\"url\":\"https:\/\/eisele-getriebe.de\/home\/\",\"name\":\"Eisele Antriebstechnik\",\"description\":\"Hersteller von Planetengetrieben\",\"publisher\":{\"@id\":\"https:\/\/eisele-getriebe.de\/home\/#organization\"},\"potentialAction\":[{\"@type\":\"SearchAction\",\"target\":{\"@type\":\"EntryPoint\",\"urlTemplate\":\"https:\/\/eisele-getriebe.de\/home\/?s={search_term_string}\"},\"query-input\":{\"@type\":\"PropertyValueSpecification\",\"valueRequired\":true,\"valueName\":\"search_term_string\"}}],\"inLanguage\":\"de\"},{\"@type\":\"Organization\",\"@id\":\"https:\/\/eisele-getriebe.de\/home\/#organization\",\"name\":\"Eisele Antriebstechnik GmbH\",\"url\":\"https:\/\/eisele-getriebe.de\/home\/\",\"logo\":{\"@type\":\"ImageObject\",\"inLanguage\":\"de\",\"@id\":\"https:\/\/eisele-getriebe.de\/home\/#\/schema\/logo\/image\/\",\"url\":\"https:\/\/eisele-getriebe.com\/wordpress\/wp-content\/uploads\/2015\/02\/eisele_getriebe_albstadt1.jpg\",\"contentUrl\":\"https:\/\/eisele-getriebe.com\/wordpress\/wp-content\/uploads\/2015\/02\/eisele_getriebe_albstadt1.jpg\",\"width\":300,\"height\":197,\"caption\":\"Eisele Antriebstechnik GmbH\"},\"image\":{\"@id\":\"https:\/\/eisele-getriebe.de\/home\/#\/schema\/logo\/image\/\"}}]}<\/script>\n<!-- \/ Yoast SEO plugin. -->","yoast_head_json":{"title":"Eisele Antriebstechnik | Antriebstechnik-Spezialist aus Albstadt","description":"Wir sind ein bodenst\u00e4ndiges Familienunternehmen mit Sitz in Albstadt | spezialisiert auf die die Konstruktion und Fertigung komplexer Getriebel\u00f6sungen.","robots":{"index":"index","follow":"follow","max-snippet":"max-snippet:-1","max-image-preview":"max-image-preview:large","max-video-preview":"max-video-preview:-1"},"canonical":"https:\/\/eisele-getriebe.de\/home\/unternehmen\/","og_locale":"de_DE","og_type":"article","og_title":"Eisele Antriebstechnik | Antriebstechnik-Spezialist aus Albstadt","og_description":"Wir sind ein bodenst\u00e4ndiges Familienunternehmen mit Sitz in Albstadt | spezialisiert auf die die Konstruktion und Fertigung komplexer Getriebel\u00f6sungen.","og_url":"https:\/\/eisele-getriebe.de\/home\/unternehmen\/","og_site_name":"Eisele Antriebstechnik","article_modified_time":"2024-06-06T20:59:33+00:00","twitter_card":"summary_large_image","twitter_misc":{"Gesch\u00e4tzte Lesezeit":"1\u00a0Minute"},"schema":{"@context":"https:\/\/schema.org","@graph":[{"@type":"WebPage","@id":"https:\/\/eisele-getriebe.de\/home\/unternehmen\/","url":"https:\/\/eisele-getriebe.de\/home\/unternehmen\/","name":"Eisele Antriebstechnik | Antriebstechnik-Spezialist aus Albstadt","isPartOf":{"@id":"https:\/\/eisele-getriebe.de\/home\/#website"},"datePublished":"2015-02-25T00:27:36+00:00","dateModified":"2024-06-06T20:59:33+00:00","description":"Wir sind ein bodenst\u00e4ndiges Familienunternehmen mit Sitz in Albstadt | spezialisiert auf die die Konstruktion und Fertigung komplexer Getriebel\u00f6sungen.","breadcrumb":{"@id":"https:\/\/eisele-getriebe.de\/home\/unternehmen\/#breadcrumb"},"inLanguage":"de","potentialAction":[{"@type":"ReadAction","target":["https:\/\/eisele-getriebe.de\/home\/unternehmen\/"]}]},{"@type":"BreadcrumbList","@id":"https:\/\/eisele-getriebe.de\/home\/unternehmen\/#breadcrumb","itemListElement":[{"@type":"ListItem","position":1,"name":"Startseite","item":"https:\/\/eisele-getriebe.de\/home\/startseite\/"},{"@type":"ListItem","position":2,"name":"Unternehmen"}]},{"@type":"WebSite","@id":"https:\/\/eisele-getriebe.de\/home\/#website","url":"https:\/\/eisele-getriebe.de\/home\/","name":"Eisele Antriebstechnik","description":"Hersteller von Planetengetrieben","publisher":{"@id":"https:\/\/eisele-getriebe.de\/home\/#organization"},"potentialAction":[{"@type":"SearchAction","target":{"@type":"EntryPoint","urlTemplate":"https:\/\/eisele-getriebe.de\/home\/?s={search_term_string}"},"query-input":{"@type":"PropertyValueSpecification","valueRequired":true,"valueName":"search_term_string"}}],"inLanguage":"de"},{"@type":"Organization","@id":"https:\/\/eisele-getriebe.de\/home\/#organization","name":"Eisele Antriebstechnik GmbH","url":"https:\/\/eisele-getriebe.de\/home\/","logo":{"@type":"ImageObject","inLanguage":"de","@id":"https:\/\/eisele-getriebe.de\/home\/#\/schema\/logo\/image\/","url":"https:\/\/eisele-getriebe.com\/wordpress\/wp-content\/uploads\/2015\/02\/eisele_getriebe_albstadt1.jpg","contentUrl":"https:\/\/eisele-getriebe.com\/wordpress\/wp-content\/uploads\/2015\/02\/eisele_getriebe_albstadt1.jpg","width":300,"height":197,"caption":"Eisele Antriebstechnik GmbH"},"image":{"@id":"https:\/\/eisele-getriebe.de\/home\/#\/schema\/logo\/image\/"}}]}},"_links":{"self":[{"href":"https:\/\/eisele-getriebe.de\/home\/wp-json\/wp\/v2\/pages\/104"}],"collection":[{"href":"https:\/\/eisele-getriebe.de\/home\/wp-json\/wp\/v2\/pages"}],"about":[{"href":"https:\/\/eisele-getriebe.de\/home\/wp-json\/wp\/v2\/types\/page"}],"author":[{"embeddable":true,"href":"https:\/\/eisele-getriebe.de\/home\/wp-json\/wp\/v2\/users\/1"}],"replies":[{"embeddable":true,"href":"https:\/\/eisele-getriebe.de\/home\/wp-json\/wp\/v2\/comments?post=104"}],"version-history":[{"count":6,"href":"https:\/\/eisele-getriebe.de\/home\/wp-json\/wp\/v2\/pages\/104\/revisions"}],"predecessor-version":[{"id":373,"href":"https:\/\/eisele-getriebe.de\/home\/wp-json\/wp\/v2\/pages\/104\/revisions\/373"}],"wp:attachment":[{"href":"https:\/\/eisele-getriebe.de\/home\/wp-json\/wp\/v2\/media?parent=104"}],"curies":[{"name":"wp","href":"https:\/\/api.w.org\/{rel}","templated":true}]}}